
31
What is the remainder when 513647 is divided by 39511?
4
Calculate the remainder when 4863 is divided by 1321.
900
What is the remainder when 5381 is divided by 43?
6
Calculate the remainder when 8642 is divided by 397.
305
Calculate the remainder when 16238 is divided by 2705.
8
Calculate the remainder when 266738 is divided by 219.
215
Calculate the remainder when 96731 is divided by 13.
11
Calculate the remainder when 5060 is divided by 5.
0
What is the remainder when 1520 is divided by 1476?
44
Calculate the remainder when 4267 is divided by 64.
43
What is the remainder when 21494 is divided by 32?
22
What is the remainder when 5937 is divided by 1967?
36
Calculate the remainder when 57473 is divided by 18.
17
What is the remainder when 55895 is divided by 18?
5
Calculate the remainder when 163727 is divided by 642.
17
What is the remainder when 19347 is divided by 45?
42
Calculate the remainder when 28722 is divided by 31.
16
What is the remainder when 624 is divided by 451?
173
What is the remainder when 2695 is divided by 153?
94
Calculate the remainder when 3670 is divided by 910.
30
What is the remainder when 159321 is divided by 1122?
1119
Calculate the remainder when 2988 is divided by 1582.
1406
What is the remainder when 23439 is divided by 1670?
59
Calculate the remainder when 75670 is divided by 12602.
58
What is the remainder when 1607 is divided by 386?
63
What is the remainder when 387 is divided by 86?
43
Calculate the remainder when 690441 is divided by 18.
15
What is the remainder when 369116 is divided by 40?
36
What is the remainder when 335477 is divided by 299?
298
Calculate the remainder when 1813 is divided by 864.
85
What is the remainder when 41290 is divided by 4125?
40
Calculate the remainder when 24025 is divided by 12009.
7
What is the remainder when 16597 is divided by 5471?
184
Calculate the remainder when 8424 is divided by 32.
8
What is the remainder when 9680174 is divided by 11?
9
Calculate the remainder when 7808 is divided by 462.
416
Calculate the remainder when 8400080 is divided by 29.
27
Calculate the remainder when 32442 is divided by 94.
12
Calculate the remainder when 9543 is divided by 4614.
315
Calculate the remainder when 1883 is divided by 1809.
74
Calculate the remainder when 505043 is divided by 1110.
1103
What is the remainder when 9427 is divided by 46?
43
What is the remainder when 13113 is divided by 79?
78
Calculate the remainder when 257819 is divided by 17185.
44
Calculate the remainder when 7931689 is divided by 85.
84
What is the remainder when 12000 is divided by 3996?
12
Calculate the remainder when 1305 is divided by 1305.
0
Calculate the remainder when 80462 is divided by 605.
602
Calculate the remainder when 6426 is divided by 61.
21
Calculate the remainder when 905742 is divided by 28.
26
Calculate the remainder when 50017 is divided by 610.
607
Calculate the remainder when 554967 is divided by 65.
62
What is the remainder when 619 is divided by 96?
43
Calculate the remainder when 5137 is divided by 724.
69
What is the remainder when 6622 is divided by 2199?
25
What is the remainder when 47919 is divided by 4?
3
Calculate the remainder when 3410 is divided by 49.
29
Calculate the remainder when 135844 is divided by 505.
504
Calculate the remainder when 21100 is divided by 1758.
4
Calculate the remainder when 2552 is divided by 406.
116
What is the remainder when 49495 is divided by 150?
145
Calculate the remainder when 2648 is divided by 874.
26
Calculate the remainder when 73822 is divided by 54.
4
Calculate the remainder when 14978 is divided by 21.
5
Calculate the remainder when 6926 is divided by 58.
24
What is the remainder when 33895 is divided by 452?
447
Calculate the remainder when 1978 is divided by 863.
252
Calculate the remainder when 15892 is divided by 7.
2
What is the remainder when 3678 is divided by 512?
94
What is the remainder when 3449 is divided by 290?
259
Calculate the remainder when 104985 is divided by 26.
23
Calculate the remainder when 110059 is divided by 2392.
27
What is the remainder when 6106 is divided by 346?
224
Calculate the remainder when 426 is divided by 73.
61
Calculate the remainder when 318025 is divided by 286.
279
What is the remainder when 21358 is divided by 178?
176
What is the remainder when 2173 is divided by 84?
73
What is the remainder when 617389 is divided by 2100?
2089
Calculate the remainder when 71027 is divided by 193.
3
What is the remainder when 161 is divided by 30?
11
What is the remainder when 34074 is divided by 11330?
84
Calculate the remainder when 751528 is divided by 65.
63
Calculate the remainder when 221733 is divided by 21.
15
Calculate the remainder when 859912 is divided by 311.
308
Calculate the remainder when 12102 is divided by 502.
54
What is the remainder when 18766 is divided by 816?
814
What is the remainder when 2668 is divided by 1265?
138
What is the remainder when 13886 is divided by 211?
171
What is the remainder when 255337 is divided by 63834?
1
What is the remainder when 11248 is divided by 75?
73
Calculate the remainder when 15812 is divided by 8.
4
What is the remainder when 32031 is divided by 1601?
11
Calculate the remainder when 8609 is divided by 657.
68
Calculate the remainder when 139197 is divided by 150.
147
Calculate the remainder when 49630 is divided by 517.
515
Calculate the remainder when 133399 is divided by 46.
45
Calculate the remainder when 9997 is divided by 9270.
727
Calculate the remainder when 1357552 is divided by 66.
64
What is the remainder when 1129 is divided by 61?
31
What is the remainder when 2706713 is divided by 55?
53
Calculate the remainder when 2239 is divided by 244.
43
What is the remainder when 94114 is divided by 229?
224
What is the remainder when 1252 is divided by 564?
124
What is the remainder when 12368 is divided by 424?
72
Calculate the remainder when 158582 is divided by 7.
4
What is the remainder when 128488 is divided by 211?
200
Calculate the remainder when 25387 is divided by 4197.
205
Calculate the remainder when 6664 is divided by 11.
9
Calculate the remainder when 32846 is divided by 198.
176
Calculate the remainder when 30976 is divided by 124.
100
What is the remainder when 100328 is divided by 159?
158
What is the remainder when 671351 is divided by 24?
23
What is the remainder when 7262 is divided by 744?
566
What is the remainder when 29225 is divided by 2?
1
Calculate the remainder when 784820 is divided by 8.
4
What is the remainder when 1775 is divided by 254?
251
What is the remainder when 13967 is divided by 3488?
15
What is the remainder when 10982 is divided by 10942?
40
Calculate the remainder when 18952 is divided by 902.
10
What is the remainder when 63224 is divided by 771?
2
Calculate the remainder when 813145 is divided by 15.
10
What is the remainder when 6135 is divided by 1523?
43
What is the remainder when 29687 is divided by 2951?
177
Calculate the remainder when 180788 is divided by 60256.
20
Calculate the remainder when 365 is divided by 149.
67
What is the remainder when 6864 is divided by 52?
0
Calculate the remainder when 19786 is divided by 3955.
11
Calculate the remainder when 548 is divided by 135.
8
Calculate the remainder when 26514 is divided by 13252.
10
What is the remainder when 108 is divided by 11?
9
Calculate the remainder when 4028 is divided by 34.
16
What is the remainder when 19714 is divided by 1220?
194
What is the remainder when 265455 is divided by 790?
15
Calculate the remainder when 16282 is divided by 2704.
58
What is the remainder when 298825 is divided by 1525?
1450
Calculate the remainder when 4087 is divided by 10.
7
What is the remainder when 24549 is divided by 6129?
33
What is the remainder when 38402 is divided by 2400?
2
What is the remainder when 12575 is divided by 547?
541
Calculate the remainder when 21502 is divided by 269.
251
Calculate the remainder when 592038 is divided by 17.
13
What is the remainder when 194565 is divided by 7206?
3
What is the remainder when 2036 is divided by 274?
118
What is the remainder when 9854 is divided by 112?
110
Calculate the remainder when 37353 is divided by 519.
504
What is the remainder when 5507 is divided by 183?
17
Calculat